d)?
-30
Let l(b) = -4*b - 27. Let o(z) = -8*z**3 + 274*z**2 - 68*z - 10. Let d be o(34). Give l(d).
13
Let c(o) = -131 - 37*o - 98 + 223. Give c(3).
-117
Suppose c - 8 = 5*c. Let a(s) = -2*s. Let n(i) = 3*i**2 + 13*i - 1. Let h(r) = -8*r + 55. Let y be h(7). Let p(w) = y*n(w) - 6*a(w). Determine p(c).
-9
Let s(j) = 16*j + 2. Let v = 5117 + -5112. Determine s(v).
82
Let x(z) = z. Let q = 89 - 43. Let g = q - 30. Suppose t = 5*f + 26, t = 3*f - 0 + g. Give x(f).
-5
Let c(t) = -t**3 + 48*t**2 + 47*t + 98. Suppose -520*z + 522*z = 3*u - 163, u - 2*z - 65 = 0. Determine c(u).
0
Let l(j) = 55*j + 3 + 57*j - 15 - j**3 - 111*j - 16*j**2. Give l(-16).
-28
Let a(d) = 9 - 6 - d + 12. Suppose -3*f - f = 2*p - 164, 0 = -2*p - f + 158. Let z = p + -69. Give a(z).
6
Let v(l) be the second derivative of -l**5/20 + 5*l**4/6 - 17*l**3/6 + 21*l**2 + 1529*l - 2. What is v(8)?
34
Let q(f) be the first derivative of f**4/4 + 11*f**3/3 + 7*f**2/2 - 17*f + 4816. Determine q(-10).
13
Let w = 268 - 156. Let f be w/18 + 10/(-45). Let m(k) = 0*k**3 + f*k - 12*k**2 + 9*k**2 - 3*k**2 + k**3. Calculate m(4).
-8
Let p(o) = -12*o**3 + o**2 - 1. Let i = 116 + -68. Suppose 9*x + i = 5*x. Let u be 6/(-5)*x/72*5. Give p(u).
-12
Let y(c) = -10 + 3 - 3 + 0 - c. Let z(r) = -2*r**2 + 11*r + 27. Let s be z(10). Let o = -69 - s. Give y(o).
-4
Let o be -10*((-31)/(-2) + -4). Let v = 75 + o. Let x = -41 - v. Let u(b) = 14*b**2 - b. Determine u(x).
15
Let b(r) be the third derivative of -r**6/120 + 7*r**5/30 - 3*r**4/4 - 25*r**3/6 - 3*r**2 - 27. What is b(12)?
47
Suppose 0 = 11*w - 7*w - x + 71, 0 = 3*w - 3*x + 42. Let o(f) = -f**2 - 17*f + 38. Determine o(w).
0
Let z(o) = o**3 + o**2 - 2*o. Let b be 12/(-14)*(-98)/(-28). Determine z(b).
-12
Let a(l) = 6*l**2 - l. Let u be 4 + -4*(2 - (-489)/(-1)). Suppose 3 = u*s - 1955*s. Calculate a(s).
7
Let i(o) = -5*o. Let y(c) = -11*c. Let u(h) = 5*i(h) - 2*y(h). Suppose 3*p - 3*b - 9 = 0, 9 = 3*p - 0*p + 3*b. Let f be p - (-24 + 18 - (-3 - 1)). Give u(f).
-15
Let x be 6/(-4) + 30765/10. Suppose 6*o = 21*o - x. Let y(h) = 6 - 207*h - h**2 - 2 + o*h. What is y(3)?
-11
Suppose 159 - 1589 = 11*w. Let t = w + 125. Let g(m) = -4*m + 9. Let z(k) = k - 2. Let a(l) = -2*g(l) - 9*z(l). Determine a(t).
5
Let y(p) = p**2 - 2*p + 4. Let f(i) = 3*i**3 + 7*i - 4*i**3 + 3 + 5*i + i - 4*i - 2*i**2. Let s be f(0). Give y(s).
7
Suppose 76*i - 97*i - 21 = 0. Let p(f) = -f**2. Let d(b) = 14*b**2 - b - 1. Let s(r) = -d(r) - 2*p(r). Calculate s(i).
-12
Let k(v) = -13*v**2 - 2. Let u(t) be the second derivative of -t**4/4 - 55*t**3/6 - 10*t**2 - 2*t - 50. Let q be u(-18). Determine k(q).
-54
Suppose -q - 2*q = -72. Suppose -9 - q = -l. Let f(t) = 5 + t**3 - 15*t**2 + l*t**2 - 17*t**2. Give f(0).
5
Let x(q) = -3*q**2 - 19*q - 2. Let y(f) = 8*f**2 + 57*f + 4. Let d(v) = -11*x(v) - 4*y(v). Determine d(20).
26
Let b(o) = o**3 - 16*o - 4. Let j be ((-136)/85)/((-9)/15 + 1). What is b(j)?
-4
Let v(u) = -748 - 666 + 1207 - 9*u. Determine v(-22).
-9
Let i(k) = -k**3 + 16*k**2 - 13*k + 19. Suppose 8*x = 93 + 27. Determine i(x).
49
Suppose -3*n + 5*n = -10. Let i(f) = 2*f**3 + 10*f**2 + 6*f + 15. Let b(t) = 3*t**3 + 15*t**2 + 9*t + 23. Let m(j) = -5*b(j) + 7*i(j). Give m(n).
5
Let m(j) be the first derivative of -j**2/2 + 9*j + 8. Suppose -4*f = -10*f + 48. Give m(f).
1
Let i(b) = -5*b**2 + 136*b + 21. Let w(c) = -2*c**2 + 59*c + 10. Let r(d) = 3*i(d) - 7*w(d). Calculate r(-6).
-13
Let v(k) = 64*k + 2. Let p = -8342 + 8344. Calculate v(p).
130
Let f be (-4 + 0/(-1))/2 - (-7 + -7). Let a(g) = -g**3 + 12*g**2 - 14. Determine a(f).
-14
Let r(y) = -y**2 - 2*y + 7. Let g be r(-3). Suppose m + 6 = q, -2*q + 4*m = m - 15. Let x(v) = -q*v + 4*v + 1 + 2*v - v**2 - 4. Calculate x(g).
-7
Let u(z) = z**2 - z - 3. Let q(d) = 4*d**3 + 27*d**2 + 14*d - 20. Let k be q(-6). Determine u(k).
9
Let d(c) = -c + 24. Let y = 9254 + -9254. Give d(y).
24
Let h(b) = b**3 - 3*b**2 - 11*b - 930215 + 930222 + 2*b**2 + b**2. Give h(3).
1
Let c(m) be the second derivative of m**8/6720 + m**7/504 + m**6/180 + m**5/60 + 33*m**4/2 - 48*m. Let q(w) be the third derivative of c(w). Determine q(-4).
2
Let q(j) be the third derivative of 2*j**3 + 1/60*j**5 + 0 + 0*j + 225*j**2 + 5/12*j**4. Calculate q(-9).
3
Let o(l) = -2*l**3 - 19*l**2 - 58*l - 112. Let q be o(-6). Let n(y) = 3*y + 61. Give n(q).
13
Let u(h) = 6*h**2 + h + 5. Let v(q) = -q**2 - 13*q + 4. Let a be v(-13). Let x(g) = g**2 + g + 1. Let k(m) = a*x(m) - u(m). Suppose -19 = 3*b - 25. Give k(b).
-3
Let c(f) = 3*f**2 - 17*f + 2. Let n be c(8). Suppose n = -i + 54. Let b(w) = -w**2 + 4. Calculate b(i).
-12
Let x = 19114 - 19117. Let s(i) = -46*i - 132. Determine s(x).
6
Let z = 81 - 79. Let s(u) = -8 - 27 + 31 - 4*u - z*u**2. Calculate s(-4).
-20
Let q(v) = -16*v**3 + 9*v**2 + v - 31. Let t(z) = -3*z**3 + 2*z**2 - 6. Let o(r) = -2*q(r) + 11*t(r). Let l = 31915 - 31912. Determine o(l).
-1
Let h(r) = 87*r**2 - 521*r + 1. Let z be h(6). Let i(d) = -d + 1. Let x(y) = 4*y - 8. Let b(p) = -5*i(p) - x(p). What is b(z)?
10
Let y = -445 - -444. Let o be y*(4 + -3) + -4. Let w(g) = -g**2 - 4*g + 9. Determine w(o).
4
Suppose 5*u = 0, 5*d - 3 = 3*u - 38. Let z(h) = 2*h - 171. Let j(p) = 4*p - 437. Let k(g) = 2*j(g) - 5*z(g). Calculate k(d).
-5
Let w(h) be the third derivative of -h**5/60 + h**4/12 + 55*h**3/3 + 55*h**2 + 1. Let i be w(-9). Let q(z) = z**2 - 10*z - 14. Give q(i).
-3
Let g(r) = -r**2 + 10*r - 14. Suppose 374*t + 4*b + 50 = 379*t, -3*t + 30 = -5*b. Determine g(t).
-14
Let f(o) be the first derivative of o + 49 - o**4 - 1/3*o**3 + 0*o**2. Calculate f(1).
-4
Let t = 205 + -206. Let n(j) = j**3 - j**2 + j + 1. Let m(l) = l**3 + 4*l**2 - 2*l - 5. Let z(g) = t*n(g) - m(g). Calculate z(-3).
28
Let b(l) be the second derivative of l**4/6 - l**3 + 11*l**2 - 14*l - 5. Let p(f) = -f**2 + 3*f - 10. Let h(a) = -3*b(a) - 7*p(a). Give h(3).
4
Suppose -5*n + 115 = 4*b + 227, -n + 3*b = 11. Let h(m) = 2*m**3 + 41*m**2 + 16*m - 81. Calculate h(n).
-1
Let a(p) be the second derivative of -p**3/2 - 31*p**2/2 + 52*p + 2. What is a(-12)?
5
Let d(v) = v**3 - 2*v**2 - 1. Let l(g) = -14*g**3 + 10*g**2 + 2*g + 3. Let j(x) = -5*d(x) - l(x). Determine j(2).
70
Let w(a) = -a**3 - 10*a**2 + 26*a + 5. Suppose 5*u - 5 = 0, 0 = -292*z + 295*z + 3*u + 33. Determine w(z).
-19
Let i(z) = 361*z - 366. Let x be i(1). Let f(n) = -n**3 - n**2 + 15*n - 4. Calculate f(x).
21
Let o(m) = m**3 - 8*m**2 + 4*m - 4. Let j be (-3)/2*(-89 - -87). Give o(j).
-37
Let s(u) be the first derivative of u**4/4 - 2*u**3 - 9*u**2/2 + 9*u + 7785. Calculate s(7).
-5
Let w(n) = 4*n**2 - 236*n - 492. Let d be w(61). Let g(s) = -s**2 - 9*s - 21. What is g(d)?
-1
Let c(p) = 11*p**3 + 5*p**2 - 2*p - 12. Let f(q) = -20*q**3 - 10*q**2 + 3*q + 23. Let t(r) = 11*c(r) + 6*f(r). Give t(5).
-14
Let i(f) = 7*f - 7. Let k = -2630 + 2632. Determine i(k).
7
Let k(h) = 5*h - 17 - 41*h - 4 + 45*h - 7. What is k(7)?
35
Suppose 194 = -8*q + 178. Let l be q/4*120/15. Let c(i) = -2*i**2 - 10*i - 1. Give c(l).
7
Let r(q) be the first derivative of 9*q**2 + 120*q - 988. Give r(-7).
-6
Let d(m) = m**3 + m**2 + 3*m + 13. Let k(r) = -2*r**3 - r**2 - 4*r - 14. Let s(c) = 5*d(c) + 4*k(c). Determine s(0).
9
Let n = -2263 - -2252. Let z(y) = y**2 + 5*y - 16. Calculate z(n).
50
Suppose 485*f - 465*f = 100. Let l(z) = 3*z**3 - 19*z**2 + 20*z + 4. Give l(f).
4
Let n(r) = -14*r. Let u = -3502 - -3507. Determine n(u).
-70
Let l = 24 - 30. Let p be (1 - 0)*(0 - (7 + l)). Let h(m) be the first derivative of -7*m**2/2 - m + 41. What is h(p)?
6
Suppose 14 + 2 = 4*l, 4*y + 3*l - 12 = 0. Let r(o) be the third derivative of -1/6*o**3 + y + 5/24*o**4 + 0*o - 12*o**2. Give r(-1).
-6
Let z(h) = -h**2 - 5*h - 3. Let y(c) = -6*c - 9*c + 15*c - 21 + 7 + c. Let g be y(10). Calculate z(g).
1
Suppose 87*c = 120*c + 462. Let n(j) = j**2 + 16*j + 26. Determine n(c).
-2
Suppose 256*o - 49*o - 188 = 226. Let h(z) = -z**3 - z**2 + 10*z - 12. Determine h(o).
-4
Let b(j) = 9*j**2 + 78*j + 1. Let d be b(-12). Let l = d + -366. Let v(f) = -2*f - 5. Let k(r) = r + 2. Let p(q) = 5*k(q) + 2*v(q). Determine p(l).
-5
Let s(g) = -2*g**2 - 29*g - 30. Let a(x) = x**2 + 14*x + 16. Let o = -119 + 122. Let y(i) = o*s(i) + 5*a(i). What is y(-16)?
6
Suppose -4*m - b + 11 = 3, -3*m + 